49. Calculate the remainder when s is divided by 17.
15
Let q = 65 + -57. Suppose 0*l - l = -4*p + 83, 130 = 5*p + 4*l. Calculate the remainder when p is divided by q.
6
Let q(s) = 3*s**2 + 4*s + 3. Calculate the remainder when 53 is divided by q(-3).
17
Suppose 2*k - 13 = -t + 8, -4*t + 45 = 5*k. Calculate the remainder when ((-48)/10)/((-1)/5) is divided by k.
11
Let t(j) = 2*j - 3. Let g be t(-3). Let b(s) = -s**2 - 11*s - 7. Suppose z + 2*z = 96. Calculate the remainder when z is divided by b(g).
10
Let f(p) = 7*p - 1. Let s be f(1). Suppose 0 = -s*z + z + 35. Calculate the remainder when 25 is divided by z.
4
Suppose 2*n + 5*q = -n - 46, -4*n - 42 = -3*q. Let t = 27 + n. Let h(i) = -i**3 - 4*i**2 + 7*i - 2. Calculate the remainder when h(-6) is divided by t.
13
Let f(c) = -c**2 - 9*c + 3. Calculate the remainder when f(-7) is divided by 7.
3
Suppose -4*o + 5*k = -30, -o + 11*k = 14*k - 16. What is the remainder when 39 is divided by o?
9
Let w be (2/3)/((-10)/(-285)). Let q = w - 6. Suppose -2*g + q + 76 = -3*u, 3*u - 170 = -5*g. Calculate the remainder when g is divided by 13.
11
Suppose t - 88 = 5*i, -2*t + i + 148 = -2*i. Suppose 0*h + 2*h = t. Suppose -60 = -0*b - 5*b. Calculate the remainder when h is divided by b.
10
Suppose 3*j = 66 + 63. Calculate the remainder when j is divided by (-2 - -2)/2 - -15.
13
Let h(k) = -k**2 + 3*k - 2. Let y be h(5). Let o be 2/3 - 16/y. Suppose -o*v - 3 + 9 = 0, -4*w + 97 = 3*v. What is the remainder when w is divided by 8?
6
Let b(j) = -2*j - 7. Calculate the remainder when 5 is divided by b(-5).
2
Suppose -4*p + 2*p - 294 = -5*y, -2*y = -5*p - 105. Suppose -5*l + y = -2*l. Calculate the remainder when 58 is divided by l.
18
Let t = 124 + -96. What is the remainder when 81 is divided by t?
25
Let s = -3 - -17. What is the remainder when 53 is divided by s?
11
Let u(m) = 30*m + 16. Calculate the remainder when u(6) is divided by 33.
31
Suppose -3*r + 179 = -19. What is the remainder when r is divided by 34?
32
Suppose 0 = -5*k + 4*z + 260, -5*k - 8*z + 6*z = -260. Calculate the remainder when k is divided by 14.
10
Let f(t) = -t**3 + 5*t**2 + 3*t - 1. What is the remainder when f(-3) is divided by (-356)/(-22) + 2/(-11)?
14
Suppose 19*l = 11*l + 136. Suppose r - 5*j = 6, r - j + 67 = 3*r. Calculate the remainder when r is divided by l.
14
Let j(z) = 25*z + 1. Suppose 0 = -3*x + x. Suppose x*y - 28 = -2*y. What is the remainder when j(1) is divided by y?
12
Let l be 2*42*(-4)/(-6). Let f = l + -22. What is the remainder when f is divided by 18?
16
Let p(c) be the third derivative of c**5/60 - c**4/12 - c**3 - 4*c**2. Let g be p(5). Let d = g - 4. What is the remainder when d is divided by 4?
1
What is the remainder when 53 is divided by 21*(1/4 + (-26)/(-24))?
25
Let r = 12 - 10. Suppose -6*x + 3*x = w - 91, -4*x - r*w + 118 = 0. Calculate the remainder when x is divided by 17.
15
Suppose -117 = -4*k + 5*y, k + 71 = 3*k - 5*y. Suppose -20 = -4*u - 0. Calculate the remainder when k is divided by u.
3
Suppose 3*w + 2*c - 16 = 0, 0 = -5*w + c - 2*c + 36. What is the remainder when w is divided by 3?
2
Suppose -3*f - 17 = -t - 128, 0 = 2*f - 2*t - 78. Calculate the remainder when f is divided by -1 - 1 - -7*3.
17
Calculate the remainder when 104 is divided by 2 - (-204)/16 - (-2)/8.
14
Let l(o) = -o**2 + 21*o + 40. What is the remainder when 70 is divided by l(22)?
16
Let q(h) = h**2 - h + 4. Let b = 0 + 3. Let o be q(b). Let g = o + -3. What is the remainder when 12 is divided by g?
5
What is the remainder when (0 - 2)/(2/(-5)) is divided by (18/12)/((-2)/((-16)/6))?
1
Suppose -5 = -2*h + 3. Suppose h*z + 68 = n, -5*n + 4*z + 167 = -93. Calculate the remainder when n is divided by 25.
23
Suppose 2*v - 184 = -6*v. Calculate the remainder when 181 is divided by v.
20
Let p be (-2)/(-10) + 51/(-5). Let o = 2 - p. What is the remainder when o is divided by 7?
5
Let i(a) = 14*a**2 - a. What is the remainder when i(1) is divided by 6*3*(-6)/(-27)?
1
Suppose 4*t + 5*f = 14, -3*t - 3*f + 1 = -8. Suppose -c = -t - 12. Calculate the remainder when 24 is divided by c.
11
Let p = 277 - 164. Calculate the remainder when p is divided by 19.
18
Suppose 4*c - 21 = c. Let h(j) = 2*j + 4. Let v be h(c). Let x = -4 + v. What is the remainder when 40 is divided by x?
12
Let f(z) = 3*z**2 + 2*z - 1. Let k(j) = -10*j**2 - 6*j + 2. Let r(n) = -11*f(n) - 4*k(n). What is the remainder when 80 is divided by r(-2)?
26
Suppose 0 = -4*n + 12, 0 = -5*u + n + 68 - 11. Let y(v) = -v**2 - 8*v - 7. Calculate the remainder when u is divided by y(-6).
2
Let m(t) = 22*t**2 + t. Suppose 15 = w + 2*w. Suppose -5*o + 3*c - 10 = 0, 4*o + 0 = w*c - 21. Calculate the remainder when m(o) is divided by 12.
11
Suppose k + n - 29 = 31, -4*k + 5*n + 258 = 0. What is the remainder when k is divided by (34 + -2)/((-3 - -1)*-1)?
14
Let j(t) = t + 4. Suppose -5*o = 2*i - 2, -4*i + 0*i + 4 = 0. Let p be j(o). Suppose 4*z = z + 3, 3*n - 5*z = p. Calculate the remainder when 4 is divided by n.
1
Let q(m) = m**3 - 6*m**2 - 5*m - 5. Suppose 95 = 5*w - 5*k, 4*w - 2*k - 64 = -4*k. What is the remainder when w is divided by q(7)?
8
Suppose -48 = -0*s - s - 3*y, 5*s - y = 224. Suppose -88 = 5*v + 52. Let p = v + s. Calculate the remainder when 50 is divided by p.
16
What is the remainder when 49 is divided by 10 + (-2)/((-6)/9)?
10
Let h(b) = -b + 85. Let d be h(0). Suppose -2*n - 15 = -d. Suppose -4*r + 36 = -r. What is the remainder when n is divided by r?
11
Let y = -20 + 21. Let n(f) = f**2 + 6*f + 5. Let v be n(-6). Suppose 2*o = y + v. Calculate the remainder when 4 is divided by o.
1
Let m(a) = -55*a**3 - a**2 - a. Suppose 5*l + 5 = -0. Calculate the remainder when m(l) is divided by 19.
17
Suppose -2*t - 19 = -2*h + 5, -5*t = -4*h + 52. What is the remainder when (-23 + 0)*(3 - 4) is divided by h?
7
Suppose c - 95 = 12. What is the remainder when c is divided by 22?
19
Let z be ((-1)/(-1))/((-2)/86). Let x = z - -130. What is the remainder when x is divided by 15?
12
Suppose f - 1 - 1 = 0. Suppose 4*z - 144 = 3*l, 4*z - 53 - 111 = -f*l. What is the remainder when z is divided by 14?
11
Suppose -3*k + 2 = 14, 4*r = -5*k + 116. Suppose 3*d - d = r. What is the remainder when d is divided by 10?
7
Suppose 0 = 3*n - 7*n - 16, 0 = 5*c + 4*n - 59. Calculate the remainder when 28 is divided by c.
13
Let k be ((-1)/(-2))/(16/(-64)). Calculate the remainder when (-784)/(-42)*(-3)/k is divided by 10.
8
Calculate the remainder when (-3 + 4)/(2/74)*1 is divided by 12.
1
Suppose -64 = -4*n - 3*q, -7*n + 4*q + 64 = -3*n. Let i = -12 + n. Calculate the remainder when 10 is divided by i.
2
Let k = 2 + 0. Suppose 0 = z - k - 4. Let x = 137 - 126. What is the remainder when x is divided by z?
5
Let b = -40 - -60. Suppose -3*k - k = -b. What is the remainder when k is divided by 24/10 - 2/5?
1
Let l(b) = -b + 2. Let y be l(4). Calculate the remainder when 13 is divided by (y/5)/((-2)/40).
5
Let c(g) = -g**3 + 15*g**2 + 2*g - 21. What is the remainder when 16 is divided by c(15)?
7
Suppose 5*r - 20 = -2*z, 0 = 3*z + z - 4*r - 68. Calculate the remainder when z is divided by 8.
7
Let b(h) = -h**3 + 8*h**2 + 10*h - 7. Let u be b(9). Suppose -w - 4*a + 5 = -u*w, 3*a = -3*w + 60. Calculate the remainder when w is divided by 8.
7
Let u be 76/(-6)*21/7. Let q = u + 66. Suppose -5*i - 12 = -87. Calculate the remainder when q is divided by i.
13
Suppose a - w - 13 - 2 = 0, 0 = 5*w + 10. Suppose x - a = -h + 30, 25 = 5*h. Let k(b) = 5*b - 2. Calculate the remainder when x is divided by k(3).
12
What is the remainder when 465/5 - (2 + (-1 - -1)) is divided by 23?
22
Let k(s) = 26*s**2 - 2*s - 1. Let q be k(-1). Let j = -16 + q. Calculate the remainder when 32 is divided by j.
10
Let j be 2/7 + 18/(-14). Let q(r) = -40*r - 19*r - 17*r. Calculate the remainder when q(j) is divided by 26.
24
Suppose n - 87 = -0*n. Calculate the remainder when n is divided by 22.
21
Let b(i) = 2*i**2 + 7*i. Suppose -y = -4*y + 24. Calculate the remainder when b(-5) is divided by y.
7
Suppose 0 = -4*s - s + 165. What is the remainder when s is divided by 9?
6
Let r(u) = -3*u - 14. What is the remainder when 16 is divided by r(-7)?
2
Suppose 3*r + 3*d - 2*d - 15 = 0, 5*r - 26 = -2*d. Suppose -8 = r*q - 3